{"id":5953,"date":"2025-03-05T14:11:39","date_gmt":"2025-03-05T13:11:39","guid":{"rendered":"http:\/\/lenvolk.cluster029.hosting.ovh.net\/?page_id=5953"},"modified":"2026-03-18T16:28:05","modified_gmt":"2026-03-18T15:28:05","slug":"la-sylvotherapie","status":"publish","type":"page","link":"https:\/\/lenvolee-sophrologie.com\/index.php\/la-sylvotherapie\/","title":{"rendered":"Qu&rsquo;est-ce que c&rsquo;est ?"},"content":{"rendered":"\n<p>La Nature et les Arbres \u00e9taient pr\u00e9sent sur Terre bien avant l&rsquo;\u00eatre humain. De tout temps nous avons \u00e9t\u00e9 en contact avec cette Nature, \u00e9voluant et vivant en plein air. Depuis plusieurs d\u00e9cennies nous nous sommes s\u00e9dentaris\u00e9s et l&rsquo;apparition des nouvelles technologies nous a enferm\u00e9 dans nos chaumi\u00e8res. Travaillant souvent en int\u00e9rieur, se d\u00e9tendant devant des \u00e9crans, nous nous sommes coup\u00e9s de nos racines ext\u00e9rieures.<\/p>\n\n\n\n<p>La sylvoth\u00e9rapie est une m\u00e9thode ancestrale. Elle propose de se reconnecter \u00e0 nos racines profondes en revenant dans un milieu naturel. C&rsquo;est une <mark style=\"background-color:rgba(0, 0, 0, 0);color:#45b12b\" class=\"has-inline-color\">marche lente <\/mark>au milieu d&rsquo;une for\u00eat ou au contact des arbres pour retrouver de la s\u00e9r\u00e9nit\u00e9 et de l&rsquo;apaisement. La sortie est accompagn\u00e9 de divers activit\u00e9s permettant de mettre les <mark style=\"background-color:rgba(0, 0, 0, 0);color:#45b12b\" class=\"has-inline-color\">5 sens<\/mark> en exergue. Les Arbres nous aident \u00e0 r\u00e9guler notre organisme, retrouver de l&rsquo;\u00e9nergie et permettent de ralentir le rythme. Avec l&rsquo;aide des exercices de respiration et de reconnections \u00e0 nos sens ces bien faits seront exacerb\u00e9s. Lors de ces sorties vous vous reconnecterez \u00e0 la nature et \u00e0 vous m\u00eame.<\/p>\n\n\n\n<h2 class=\"wp-block-heading\">La for\u00eat<\/h2>\n\n\n\n<p>La for\u00eat est l&rsquo;outil principal du guide en for\u00eat, mais la sylvoth\u00e9rapie peut \u00e9galement se pratiquer dans un parc ou tout endroit o\u00f9 il y a des arbres.<\/p>\n\n\n\n<p>La for\u00eat est un milieu ancestral, o\u00f9 une faune et une flore importante se d\u00e9veloppent. Ce milieu plein de vie est riche de bien faits pour les Hommes. En prennant le temps de se poser avec nos amis les Arbres, vous pourrez constater qu&rsquo;ils sont l\u00e0 pour prendre soin de nous. Les arbres nous aident \u00e0 nous enraciner et \u00e9galement \u00e0 nous \u00e9lever. Par leur simple pr\u00e9sence ils nous aident \u00e0 r\u00e9v\u00e9ler le meilleur de nous et \u00e0 d\u00e9ployer nos ailes. <\/p>\n\n\n\n<h2 class=\"wp-block-heading\">La Sophro-Sylvo<\/h2>\n\n\n\n<p>Lors d&rsquo;une sortie sylvo-sophro je vous propose une s\u00e9ance de sophrologie entour\u00e9 d&rsquo;arbres. Pratiqu\u00e9s, sous les houppiers des arbres, les exercices de sophrologie seront encore plus b\u00e9n\u00e9fique \u00e0 votre organisme et les r\u00e9sultats encore plus probant.<\/p>\n\n\n\n<p class=\"has-text-align-center has-white-color has-text-color has-link-color wp-elements-efd999a17a8054b902d2799c7689591a\">&#8212;&#8211;<\/p>\n\n\n\n<p><\/p>\n\n\n\n<p><\/p>\n","protected":false},"excerpt":{"rendered":"<p>La Nature et les Arbres \u00e9taient pr\u00e9sent sur Terre bien avant l&rsquo;\u00eatre humain. De tout temps nous avons \u00e9t\u00e9 en contact avec cette Nature, \u00e9voluant et vivant en plein air. Depuis plusieurs d\u00e9cennies nous nous sommes s\u00e9dentaris\u00e9s et l&rsquo;apparition des nouvelles technologies nous a enferm\u00e9 dans nos chaumi\u00e8res. Travaillant souvent en int\u00e9rieur, se d\u00e9tendant devant &hellip; <\/p>\n<p class=\"link-more\"><a href=\"https:\/\/lenvolee-sophrologie.com\/index.php\/la-sylvotherapie\/\" class=\"more-link\">Lire la suite de<span class=\"screen-reader-text\">\u00ab\u00a0Qu&rsquo;est-ce que c&rsquo;est ?\u00a0\u00bb<\/span><\/a><\/p>\n","protected":false},"author":1,"featured_media":5949,"parent":0,"menu_order":0,"comment_status":"closed","ping_status":"closed","template":"","meta":{"footnotes":""},"class_list":["post-5953","page","type-page","status-publish","has-post-thumbnail","hentry"],"featured_media_urls":{"thumbnail":["https:\/\/lenvolee-sophrologie.com\/wp-content\/uploads\/2025\/03\/20240903_171013-150x150.jpg",150,150,true],"medium":["https:\/\/lenvolee-sophrologie.com\/wp-content\/uploads\/2025\/03\/20240903_171013-300x225.jpg",300,225,true],"medium_large":["https:\/\/lenvolee-sophrologie.com\/wp-content\/uploads\/2025\/03\/20240903_171013-scaled.jpg",768,576,false],"large":["https:\/\/lenvolee-sophrologie.com\/wp-content\/uploads\/2025\/03\/20240903_171013-1024x768.jpg",950,713,true],"1536x1536":["https:\/\/lenvolee-sophrologie.com\/wp-content\/uploads\/2025\/03\/20240903_171013-scaled-1536x1152.jpg",1536,1152,true],"2048x2048":["https:\/\/lenvolee-sophrologie.com\/wp-content\/uploads\/2025\/03\/20240903_171013-scaled-2048x1536.jpg",2048,1536,true],"inspiro-featured-image":["https:\/\/lenvolee-sophrologie.com\/wp-content\/uploads\/2025\/03\/20240903_171013-2000x1500.jpg",2000,1500,true],"inspiro-loop":["https:\/\/lenvolee-sophrologie.com\/wp-content\/uploads\/2025\/03\/20240903_171013-950x320.jpg",950,320,true],"inspiro-loop@2x":["https:\/\/lenvolee-sophrologie.com\/wp-content\/uploads\/2025\/03\/20240903_171013-1900x640.jpg",1900,640,true],"portfolio_item-thumbnail":["https:\/\/lenvolee-sophrologie.com\/wp-content\/uploads\/2025\/03\/20240903_171013-scaled-600x400.jpg",600,400,true],"portfolio_item-thumbnail@2x":["https:\/\/lenvolee-sophrologie.com\/wp-content\/uploads\/2025\/03\/20240903_171013-scaled-1200x800.jpg",1200,800,true],"portfolio_item-masonry":["https:\/\/lenvolee-sophrologie.com\/wp-content\/uploads\/2025\/03\/20240903_171013-scaled-600x450.jpg",600,450,true],"portfolio_item-masonry@2x":["https:\/\/lenvolee-sophrologie.com\/wp-content\/uploads\/2025\/03\/20240903_171013-scaled-1200x900.jpg",1200,900,true],"portfolio_item-thumbnail_cinema":["https:\/\/lenvolee-sophrologie.com\/wp-content\/uploads\/2025\/03\/20240903_171013-scaled-800x335.jpg",800,335,true],"portfolio_item-thumbnail_portrait":["https:\/\/lenvolee-sophrologie.com\/wp-content\/uploads\/2025\/03\/20240903_171013-scaled-600x900.jpg",600,900,true],"portfolio_item-thumbnail_portrait@2x":["https:\/\/lenvolee-sophrologie.com\/wp-content\/uploads\/2025\/03\/20240903_171013-scaled-1200x1800.jpg",1200,1800,true],"portfolio_item-thumbnail_square":["https:\/\/lenvolee-sophrologie.com\/wp-content\/uploads\/2025\/03\/20240903_171013-scaled-800x800.jpg",800,800,true]},"_links":{"self":[{"href":"https:\/\/lenvolee-sophrologie.com\/index.php\/wp-json\/wp\/v2\/pages\/5953","targetHints":{"allow":["GET"]}}],"collection":[{"href":"https:\/\/lenvolee-sophrologie.com\/index.php\/wp-json\/wp\/v2\/pages"}],"about":[{"href":"https:\/\/lenvolee-sophrologie.com\/index.php\/wp-json\/wp\/v2\/types\/page"}],"author":[{"embeddable":true,"href":"https:\/\/lenvolee-sophrologie.com\/index.php\/wp-json\/wp\/v2\/users\/1"}],"replies":[{"embeddable":true,"href":"https:\/\/lenvolee-sophrologie.com\/index.php\/wp-json\/wp\/v2\/comments?post=5953"}],"version-history":[{"count":4,"href":"https:\/\/lenvolee-sophrologie.com\/index.php\/wp-json\/wp\/v2\/pages\/5953\/revisions"}],"predecessor-version":[{"id":6035,"href":"https:\/\/lenvolee-sophrologie.com\/index.php\/wp-json\/wp\/v2\/pages\/5953\/revisions\/6035"}],"wp:featuredmedia":[{"embeddable":true,"href":"https:\/\/lenvolee-sophrologie.com\/index.php\/wp-json\/wp\/v2\/media\/5949"}],"wp:attachment":[{"href":"https:\/\/lenvolee-sophrologie.com\/index.php\/wp-json\/wp\/v2\/media?parent=5953"}],"curies":[{"name":"wp","href":"https:\/\/api.w.org\/{rel}","templated":true}]}}