{"id":5921,"date":"2025-03-05T10:40:00","date_gmt":"2025-03-05T09:40:00","guid":{"rendered":"http:\/\/lenvolk.cluster029.hosting.ovh.net\/?page_id=5921"},"modified":"2026-03-06T16:35:27","modified_gmt":"2026-03-06T15:35:27","slug":"pourqui","status":"publish","type":"page","link":"https:\/\/lenvolee-sophrologie.com\/index.php\/pourqui\/","title":{"rendered":"Pour qui?"},"content":{"rendered":"<p>La sophrologie est accessible \u00e0 toutes les personnes qui le souhaitent \u00e0 partir de 6 ans jusqu&rsquo;\u00e0 un \u00e2ge avanc\u00e9 : il n&rsquo;est jamais trop tard pour instaurer du bien-\u00eatre dans sa vie et prendre son envol !<\/p>\n\n\n<h2 class=\"wp-block-heading\">Contre-indication<\/h2>\n\n\n<p>Toutes personnes souffrant de<\/p>","protected":false},"excerpt":{"rendered":"<p>La sophrologie est accessible \u00e0 toutes les personnes qui le souhaitent \u00e0 partir de 6 ans jusqu&rsquo;\u00e0 un \u00e2ge avanc\u00e9 : il n&rsquo;est jamais trop tard pour instaurer du bien-\u00eatre dans sa vie et prendre son envol ! Contre-indication Toutes personnes souffrant de<\/p>\n","protected":false},"author":1,"featured_media":5943,"parent":0,"menu_order":0,"comment_status":"closed","ping_status":"closed","template":"","meta":{"footnotes":""},"class_list":["post-5921","page","type-page","status-publish","has-post-thumbnail","hentry"],"featured_media_urls":{"thumbnail":["https:\/\/lenvolee-sophrologie.com\/wp-content\/uploads\/2025\/03\/026-150x150.jpg",150,150,true],"medium":["https:\/\/lenvolee-sophrologie.com\/wp-content\/uploads\/2025\/03\/026-300x205.jpg",300,205,true],"medium_large":["https:\/\/lenvolee-sophrologie.com\/wp-content\/uploads\/2025\/03\/026-scaled.jpg",768,524,false],"large":["https:\/\/lenvolee-sophrologie.com\/wp-content\/uploads\/2025\/03\/026-1024x699.jpg",950,648,true],"1536x1536":["https:\/\/lenvolee-sophrologie.com\/wp-content\/uploads\/2025\/03\/026-scaled-1536x1049.jpg",1536,1049,true],"2048x2048":["https:\/\/lenvolee-sophrologie.com\/wp-content\/uploads\/2025\/03\/026-scaled-2048x1398.jpg",2048,1398,true],"inspiro-featured-image":["https:\/\/lenvolee-sophrologie.com\/wp-content\/uploads\/2025\/03\/026-2000x1366.jpg",2000,1366,true],"inspiro-loop":["https:\/\/lenvolee-sophrologie.com\/wp-content\/uploads\/2025\/03\/026-950x320.jpg",950,320,true],"inspiro-loop@2x":["https:\/\/lenvolee-sophrologie.com\/wp-content\/uploads\/2025\/03\/026-1900x640.jpg",1900,640,true],"portfolio_item-thumbnail":["https:\/\/lenvolee-sophrologie.com\/wp-content\/uploads\/2025\/03\/026-scaled-600x400.jpg",600,400,true],"portfolio_item-thumbnail@2x":["https:\/\/lenvolee-sophrologie.com\/wp-content\/uploads\/2025\/03\/026-scaled-1200x800.jpg",1200,800,true],"portfolio_item-masonry":["https:\/\/lenvolee-sophrologie.com\/wp-content\/uploads\/2025\/03\/026-scaled-600x410.jpg",600,410,true],"portfolio_item-masonry@2x":["https:\/\/lenvolee-sophrologie.com\/wp-content\/uploads\/2025\/03\/026-scaled-1200x819.jpg",1200,819,true],"portfolio_item-thumbnail_cinema":["https:\/\/lenvolee-sophrologie.com\/wp-content\/uploads\/2025\/03\/026-scaled-800x335.jpg",800,335,true],"portfolio_item-thumbnail_portrait":["https:\/\/lenvolee-sophrologie.com\/wp-content\/uploads\/2025\/03\/026-scaled-600x900.jpg",600,900,true],"portfolio_item-thumbnail_portrait@2x":["https:\/\/lenvolee-sophrologie.com\/wp-content\/uploads\/2025\/03\/026-scaled-1200x1748.jpg",1200,1748,true],"portfolio_item-thumbnail_square":["https:\/\/lenvolee-sophrologie.com\/wp-content\/uploads\/2025\/03\/026-scaled-800x800.jpg",800,800,true]},"_links":{"self":[{"href":"https:\/\/lenvolee-sophrologie.com\/index.php\/wp-json\/wp\/v2\/pages\/5921","targetHints":{"allow":["GET"]}}],"collection":[{"href":"https:\/\/lenvolee-sophrologie.com\/index.php\/wp-json\/wp\/v2\/pages"}],"about":[{"href":"https:\/\/lenvolee-sophrologie.com\/index.php\/wp-json\/wp\/v2\/types\/page"}],"author":[{"embeddable":true,"href":"https:\/\/lenvolee-sophrologie.com\/index.php\/wp-json\/wp\/v2\/users\/1"}],"replies":[{"embeddable":true,"href":"https:\/\/lenvolee-sophrologie.com\/index.php\/wp-json\/wp\/v2\/comments?post=5921"}],"version-history":[{"count":5,"href":"https:\/\/lenvolee-sophrologie.com\/index.php\/wp-json\/wp\/v2\/pages\/5921\/revisions"}],"predecessor-version":[{"id":6023,"href":"https:\/\/lenvolee-sophrologie.com\/index.php\/wp-json\/wp\/v2\/pages\/5921\/revisions\/6023"}],"wp:featuredmedia":[{"embeddable":true,"href":"https:\/\/lenvolee-sophrologie.com\/index.php\/wp-json\/wp\/v2\/media\/5943"}],"wp:attachment":[{"href":"https:\/\/lenvolee-sophrologie.com\/index.php\/wp-json\/wp\/v2\/media?parent=5921"}],"curies":[{"name":"wp","href":"https:\/\/api.w.org\/{rel}","templated":true}]}}