{"id":5893,"date":"2025-02-20T12:11:50","date_gmt":"2025-02-20T11:11:50","guid":{"rendered":"http:\/\/lenvolk.cluster029.hosting.ovh.net\/?page_id=5893"},"modified":"2026-03-06T16:27:26","modified_gmt":"2026-03-06T15:27:26","slug":"qui-suis-je","status":"publish","type":"page","link":"https:\/\/lenvolee-sophrologie.com\/index.php\/qui-suis-je\/","title":{"rendered":"Qui suis-je?"},"content":{"rendered":"\n<p>En tant qu&rsquo;infirmi\u00e8re dipl\u00f4m\u00e9e d&rsquo;\u00e9tat pendant une dizaine d&rsquo;ann\u00e9es, j&rsquo;ai toujours plac\u00e9 l&rsquo;humain au centre de ma profession. Le covid a remis en question mon m\u00e9tier, je voulais un m\u00e9tier qui fasse sens avec mes valeurs. <\/p>\n\n\n\n<p>En d\u00e9couvrant la sophrologie j&rsquo;ai appris \u00e0 me poser, \u00e0 prendre du temps pour moi pour me faire du bien. Dans le m\u00eame temps je d\u00e9couvrais la CNV qui a pour moi \u00e9t\u00e9 une r\u00e9v\u00e9lation quant \u00e0 la fa\u00e7on de communiquer entre nous. Elle m&rsquo;apporte dans mon quotidien une nouvelle dimension dans mes relations \u00e0 l&rsquo;autre mais \u00e9galement dans ma relation \u00e0 moi-m\u00eame, en \u00e9tant plus \u00e0 l&rsquo;\u00e9coute de mes sentiments et mes besoins.<\/p>\n\n\n\n<p>Dans ce nouveau m\u00e9tier il \u00e9tait important pour moi d&rsquo;avoir la Nature et en particulier les Arbres au coeur de ma pratique, c&rsquo;est pourquoi j&rsquo;ai choisi de me former \u00e0 la sylvoth\u00e9rapie avec Laurence Monce, pionni\u00e8re de la sylvoth\u00e9rapie en France.<\/p>\n\n\n\n<p>Avec douceur et bienveillance je suis \u00e0 votre \u00e9coute pour vous aider dans chacune de vos probl\u00e9matiques. Chaque personne \u00e9tant diff\u00e9rente, j&rsquo;ai \u00e0 coeur d&rsquo;adapter ma pratique pour vous proposer un suivi personnalis\u00e9 et unique. <\/p>\n\n\n\n<p><strong>Devenez vous-m\u00eame, r\u00e9v\u00e9lez-vous et ouvrez vos ailes.<\/strong><\/p>\n\n\n\n<h2 class=\"wp-block-heading\">Formations<\/h2>\n\n\n\n<div class=\"wp-block-group has-global-padding is-layout-constrained wp-block-group-is-layout-constrained\">\n<ul class=\"wp-block-list\">\n<li style=\"font-size:clamp(14.642px, 0.915rem + ((1vw - 3.2px) * 0.766), 22px);\">2016 &#8211; Infirmi\u00e8re dipl\u00f4m\u00e9e d&rsquo;\u00e9tat<\/li>\n\n\n\n<li style=\"font-size:clamp(14.642px, 0.915rem + ((1vw - 3.2px) * 0.766), 22px);\">2021 &#8211; Sophro-relaxologue premier cycle \u00e0 l&rsquo;<a href=\"https:\/\/www.cassiopee-formation.com\/\">Institut Cassiop\u00e9e<\/a><\/li>\n\n\n\n<li style=\"font-size:clamp(14.642px, 0.915rem + ((1vw - 3.2px) * 0.766), 22px);\">2021 &#8211; 3 modules de base de la CNV par <a href=\"https:\/\/communication-bienveillante-alsace.fr\/\">Axelle Schermann<\/a><\/li>\n\n\n\n<li style=\"font-size:clamp(14.642px, 0.915rem + ((1vw - 3.2px) * 0.766), 22px);\">2023 &#8211; Ma\u00eetre Praticien en sophro-relaxologue \u00e0 l&rsquo;<a href=\"https:\/\/www.cassiopee-formation.com\/\">Institut Cassiop\u00e9e<\/a><\/li>\n\n\n\n<li style=\"font-size:clamp(14.642px, 0.915rem + ((1vw - 3.2px) * 0.766), 22px);\">2023 &#8211; Cursus int\u00e9gration de la CNV pour la relation d&rsquo;accompagnement, de coaching et de soin par <a href=\"https:\/\/cnvformations.fr\/formateurs\/catherine-gunther\/\">Catherine Gunter<\/a><\/li>\n\n\n\n<li style=\"font-size:clamp(14.642px, 0.915rem + ((1vw - 3.2px) * 0.766), 22px);\">2023 &#8211; Sylvoth\u00e9rapie niveau 1 form\u00e9e par <a href=\"https:\/\/www.lmterra.com\/\">Laurence Monce<\/a><\/li>\n\n\n\n<li style=\"font-size:clamp(14.642px, 0.915rem + ((1vw - 3.2px) * 0.766), 22px);\">2025 &#8211; Sylvoth\u00e9rapie niveau 2 form\u00e9e par <a href=\"https:\/\/www.lmterra.com\/\">Laurence Monce<\/a><\/li>\n<\/ul>\n\n\n\n<p><\/p>\n<\/div>\n\n\n\n<p><\/p>\n","protected":false},"excerpt":{"rendered":"<p>En tant qu&rsquo;infirmi\u00e8re dipl\u00f4m\u00e9e d&rsquo;\u00e9tat pendant une dizaine d&rsquo;ann\u00e9es, j&rsquo;ai toujours plac\u00e9 l&rsquo;humain au centre de ma profession. Le covid a remis en question mon m\u00e9tier, je voulais un m\u00e9tier qui fasse sens avec mes valeurs. En d\u00e9couvrant la sophrologie j&rsquo;ai appris \u00e0 me poser, \u00e0 prendre du temps pour moi pour me faire du &hellip; <\/p>\n<p class=\"link-more\"><a href=\"https:\/\/lenvolee-sophrologie.com\/index.php\/qui-suis-je\/\" class=\"more-link\">Lire la suite de<span class=\"screen-reader-text\">\u00ab\u00a0Qui suis-je?\u00a0\u00bb<\/span><\/a><\/p>\n","protected":false},"author":1,"featured_media":0,"parent":0,"menu_order":0,"comment_status":"closed","ping_status":"closed","template":"","meta":{"footnotes":""},"class_list":["post-5893","page","type-page","status-publish","hentry"],"featured_media_urls":[],"_links":{"self":[{"href":"https:\/\/lenvolee-sophrologie.com\/index.php\/wp-json\/wp\/v2\/pages\/5893","targetHints":{"allow":["GET"]}}],"collection":[{"href":"https:\/\/lenvolee-sophrologie.com\/index.php\/wp-json\/wp\/v2\/pages"}],"about":[{"href":"https:\/\/lenvolee-sophrologie.com\/index.php\/wp-json\/wp\/v2\/types\/page"}],"author":[{"embeddable":true,"href":"https:\/\/lenvolee-sophrologie.com\/index.php\/wp-json\/wp\/v2\/users\/1"}],"replies":[{"embeddable":true,"href":"https:\/\/lenvolee-sophrologie.com\/index.php\/wp-json\/wp\/v2\/comments?post=5893"}],"version-history":[{"count":6,"href":"https:\/\/lenvolee-sophrologie.com\/index.php\/wp-json\/wp\/v2\/pages\/5893\/revisions"}],"predecessor-version":[{"id":6019,"href":"https:\/\/lenvolee-sophrologie.com\/index.php\/wp-json\/wp\/v2\/pages\/5893\/revisions\/6019"}],"wp:attachment":[{"href":"https:\/\/lenvolee-sophrologie.com\/index.php\/wp-json\/wp\/v2\/media?parent=5893"}],"curies":[{"name":"wp","href":"https:\/\/api.w.org\/{rel}","templated":true}]}}