{"id":46,"date":"2025-02-01T13:52:28","date_gmt":"2025-02-01T12:52:28","guid":{"rendered":"http:\/\/lenvolk.cluster029.hosting.ovh.net\/?page_id=46"},"modified":"2026-03-06T16:32:25","modified_gmt":"2026-03-06T15:32:25","slug":"contact-2","status":"publish","type":"page","link":"https:\/\/lenvolee-sophrologie.com\/index.php\/contact-2\/","title":{"rendered":"Contact"},"content":{"rendered":"\n<div class=\"wp-block-group has-global-padding is-layout-constrained wp-block-group-is-layout-constrained\">\n<p>Pour prendre rendez-vous contactez moi par <strong>t\u00e9l\u00e9phone <\/strong>ou bien laissez-moi un <strong>mail<\/strong>.<\/p>\n\n\n\n<h2 class=\"wp-block-heading\"><strong>Tarifs<\/strong><\/h2>\n\n\n\n<p>S\u00e9ance de sophrologie \u00e0 l&rsquo;espace Good Place : <strong>50\u20ac<\/strong><\/p>\n\n\n\n<p>S\u00e9ance de sophrologie \u00e0 votre domicile : <strong>55\u20ac<\/strong><\/p>\n\n\n\n<p>Pour une sortie en bain de for\u00eat, contactez-moi pour un devis.<\/p>\n\n\n\n<p>Entreprises, maisons de quartier, associations ou particuliers, si vous \u00eates int\u00e9ress\u00e9s pour mettre en place un groupe en sophrologie ou en sylvoth\u00e9rapie, contactez-moi pour \u00e9changer.<\/p>\n\n\n\n<p>Je reste ouverte \u00e0 toutes propositions. N&rsquo;h\u00e9sitez \u00e0 me contacter.<\/p>\n<\/div>\n\n\n\n<div class=\"wp-block-group has-global-padding is-layout-constrained wp-block-group-is-layout-constrained\">\n<h2 class=\"wp-block-heading\"><strong>Dur\u00e9e<\/strong><\/h2>\n<\/div>\n\n\n\n<p>Le premier rendez-vous dure <strong>1h30<\/strong>. C&rsquo;est l&rsquo;anamn\u00e8se et consiste \u00e0 recueillir des informations pour mettre en place le d\u00e9but du suivi.<\/p>\n\n\n\n<p>Les rendez-vous suivants sont de <strong>1h<\/strong>.<\/p>\n\n\n\n<p><\/p>\n\n\n\n<div class=\"wp-block-group has-global-padding is-layout-constrained wp-block-group-is-layout-constrained\">\n<div class=\"wp-block-group is-vertical is-content-justification-center is-layout-flex wp-container-core-group-is-layout-ce155fab wp-block-group-is-layout-flex\">\n<h3 class=\"wp-block-heading has-large-font-size\">L&rsquo;envol\u00e9e<\/h3>\n\n\n\n<p><\/p>\n\n\n\n<h3 class=\"wp-block-heading\"><strong>Adress<\/strong>e<\/h3>\n\n\n\n<p><strong>Good Place<\/strong><\/p>\n\n\n\n<p>5 All\u00e9e de la Grande Treille<\/p>\n\n\n\n<p>35200 Rennes<\/p>\n\n\n\n<h3 class=\"wp-block-heading\"><strong>Email<\/strong><\/h3>\n\n\n\n<p>lenvolee-sophrologie@outlook.com<\/p>\n\n\n\n<h3 class=\"wp-block-heading\"><strong>T\u00e9l\u00e9phone<\/strong><\/h3>\n\n\n\n<p>06-49-57-64-29<\/p>\n<\/div>\n<\/div>\n\n\n\n<div class=\"wp-block-group has-global-padding is-layout-constrained wp-block-group-is-layout-constrained\">\n<div style=\"height:45px\" aria-hidden=\"true\" class=\"wp-block-spacer\"><\/div>\n<\/div>\n\n\n\n<p><\/p>\n","protected":false},"excerpt":{"rendered":"<p>Pour prendre rendez-vous contactez moi par t\u00e9l\u00e9phone ou bien laissez-moi un mail. Tarifs S\u00e9ance de sophrologie \u00e0 l&rsquo;espace Good Place : 50\u20ac S\u00e9ance de sophrologie \u00e0 votre domicile : 55\u20ac Pour une sortie en bain de for\u00eat, contactez-moi pour un devis. Entreprises, maisons de quartier, associations ou particuliers, si vous \u00eates int\u00e9ress\u00e9s pour mettre en &hellip; <\/p>\n<p class=\"link-more\"><a href=\"https:\/\/lenvolee-sophrologie.com\/index.php\/contact-2\/\" class=\"more-link\">Lire la suite de<span class=\"screen-reader-text\">\u00ab\u00a0Contact\u00a0\u00bb<\/span><\/a><\/p>\n","protected":false},"author":1,"featured_media":5909,"parent":0,"menu_order":0,"comment_status":"closed","ping_status":"closed","template":"","meta":{"footnotes":""},"class_list":["post-46","page","type-page","status-publish","has-post-thumbnail","hentry"],"featured_media_urls":{"thumbnail":["https:\/\/lenvolee-sophrologie.com\/wp-content\/uploads\/2025\/02\/035-150x150.jpg",150,150,true],"medium":["https:\/\/lenvolee-sophrologie.com\/wp-content\/uploads\/2025\/02\/035-300x200.jpg",300,200,true],"medium_large":["https:\/\/lenvolee-sophrologie.com\/wp-content\/uploads\/2025\/02\/035-scaled.jpg",768,512,false],"large":["https:\/\/lenvolee-sophrologie.com\/wp-content\/uploads\/2025\/02\/035-1024x683.jpg",950,634,true],"1536x1536":["https:\/\/lenvolee-sophrologie.com\/wp-content\/uploads\/2025\/02\/035-scaled-1536x1024.jpg",1536,1024,true],"2048x2048":["https:\/\/lenvolee-sophrologie.com\/wp-content\/uploads\/2025\/02\/035-scaled-2048x1366.jpg",2048,1366,true],"inspiro-featured-image":["https:\/\/lenvolee-sophrologie.com\/wp-content\/uploads\/2025\/02\/035-2000x1333.jpg",2000,1333,true],"inspiro-loop":["https:\/\/lenvolee-sophrologie.com\/wp-content\/uploads\/2025\/02\/035-950x320.jpg",950,320,true],"inspiro-loop@2x":["https:\/\/lenvolee-sophrologie.com\/wp-content\/uploads\/2025\/02\/035-1900x640.jpg",1900,640,true],"portfolio_item-thumbnail":["https:\/\/lenvolee-sophrologie.com\/wp-content\/uploads\/2025\/02\/035-scaled-600x400.jpg",600,400,true],"portfolio_item-thumbnail@2x":["https:\/\/lenvolee-sophrologie.com\/wp-content\/uploads\/2025\/02\/035-scaled-1200x800.jpg",1200,800,true],"portfolio_item-masonry":["https:\/\/lenvolee-sophrologie.com\/wp-content\/uploads\/2025\/02\/035-scaled-600x400.jpg",600,400,true],"portfolio_item-masonry@2x":["https:\/\/lenvolee-sophrologie.com\/wp-content\/uploads\/2025\/02\/035-scaled-1200x800.jpg",1200,800,true],"portfolio_item-thumbnail_cinema":["https:\/\/lenvolee-sophrologie.com\/wp-content\/uploads\/2025\/02\/035-scaled-800x335.jpg",800,335,true],"portfolio_item-thumbnail_portrait":["https:\/\/lenvolee-sophrologie.com\/wp-content\/uploads\/2025\/02\/035-scaled-600x900.jpg",600,900,true],"portfolio_item-thumbnail_portrait@2x":["https:\/\/lenvolee-sophrologie.com\/wp-content\/uploads\/2025\/02\/035-scaled-1200x1707.jpg",1200,1707,true],"portfolio_item-thumbnail_square":["https:\/\/lenvolee-sophrologie.com\/wp-content\/uploads\/2025\/02\/035-scaled-800x800.jpg",800,800,true]},"_links":{"self":[{"href":"https:\/\/lenvolee-sophrologie.com\/index.php\/wp-json\/wp\/v2\/pages\/46","targetHints":{"allow":["GET"]}}],"collection":[{"href":"https:\/\/lenvolee-sophrologie.com\/index.php\/wp-json\/wp\/v2\/pages"}],"about":[{"href":"https:\/\/lenvolee-sophrologie.com\/index.php\/wp-json\/wp\/v2\/types\/page"}],"author":[{"embeddable":true,"href":"https:\/\/lenvolee-sophrologie.com\/index.php\/wp-json\/wp\/v2\/users\/1"}],"replies":[{"embeddable":true,"href":"https:\/\/lenvolee-sophrologie.com\/index.php\/wp-json\/wp\/v2\/comments?post=46"}],"version-history":[{"count":7,"href":"https:\/\/lenvolee-sophrologie.com\/index.php\/wp-json\/wp\/v2\/pages\/46\/revisions"}],"predecessor-version":[{"id":6020,"href":"https:\/\/lenvolee-sophrologie.com\/index.php\/wp-json\/wp\/v2\/pages\/46\/revisions\/6020"}],"wp:featuredmedia":[{"embeddable":true,"href":"https:\/\/lenvolee-sophrologie.com\/index.php\/wp-json\/wp\/v2\/media\/5909"}],"wp:attachment":[{"href":"https:\/\/lenvolee-sophrologie.com\/index.php\/wp-json\/wp\/v2\/media?parent=46"}],"curies":[{"name":"wp","href":"https:\/\/api.w.org\/{rel}","templated":true}]}}